 0. List the prime factors of j.
5, 173
Let f = 2647 - 1898. List the prime factors of f.
7, 107
Suppose 2*c - 180 = 6*c. What are the prime factors of 448/(-40)*c/6?
2, 3, 7
Let g be (-1 - 2) + (-1194)/(-6). Suppose -3*r = 5*f - g, -5*r + 295 = 9*f - 7*f. What are the prime factors of r?
3, 19
What are the prime factors of 3846/8*(-32)/(-24)?
641
Let r = -442 - -827. List the prime factors of r.
5, 7, 11
Suppose 4*t + l - 223 = 0, -3*l = 2*t + 2*l - 89. Let s = -37 + t. What are the prime factors of s?
2, 5
Let h = 1228 + -1147. What are the prime factors of h?
3
Suppose 0 = -a + 3*i + 1150, -4*a + 5*i - 1071 = -5636. Suppose 2*r - 416 = 5*j + 21, 0 = -5*r + 4*j + a. What are the prime factors of r?
3, 7, 11
Let q be ((-10)/(-3))/((-12)/72). Let s be 130/q*4/(-2). List the prime factors of 2/s + 1086/39.
2, 7
Let x(q) = 215*q - 431. List the prime factors of x(15).
2, 11, 127
Let t(n) = 237*n**2 - n - 2. Let z be t(-1). List the prime factors of (0/1 + z)*2/4.
2, 59
Let f = 771 + -140. Suppose -8*h = 79 - f. List the prime factors of h.
3, 23
Let x be 4 + -3 + 18/3. Suppose -4*l = 3 - x. What are the prime factors of (l/(-3))/(1/(-6))?
2
Suppose 27*f - 26*f = 634. List the prime factors of f.
2, 317
Let y(f) = f**2 + 7*f + 2. Let v be y(-7). Suppose -v*x + 7 = 1. Suppose -4*w = 4*p - 76, x*p - 8*p - 49 = -3*w. List the prime factors of w.
2, 3
Let f = 9 + -4. Suppose -i = -f*q - 114, -2*i + 5*q + 9 = -214. What are the prime factors of i?
109
Let q be (-1)/((-10)/4 - -2). Suppose 4 + 1 = k - q*x, -3*k + 5 = -x. Suppose -5*c + 17 = -4*o, o + k + 7 = 2*c. List the prime factors of c.
5
Suppose 5*f = -14 - 1, -3*p = 4*f - 18. Suppose 0 = 5*b + m - 46, -b - 4 = -3*m - p. List the prime factors of b.
3
Let c(p) = -2*p**2 - 9*p + 9. Let s be c(-10). Let i = s - -200. What are the prime factors of i?
3, 11
Let a = 2252 + -505. List the prime factors of a.
1747
Let i = -157 + 163. What are the prime factors of i/(-3) + -3 - -166?
7, 23
Let t(i) = -9*i**3 + 3*i**2 - 5*i - 9. Let f be t(-4). Suppose 0*v = 5*v - f. List the prime factors of v.
127
Let o(j) = -127*j + 764. List the prime factors of o(-14).
2, 31, 41
Let m(i) = i**3 + i**2 - 1. Let t(d) = -5*d**3 + 5*d**2 - 9*d + 6. Let h(n) = -4*m(n) - t(n). What are the prime factors of h(8)?
2, 3
Let b be 18/(-8) + (-8)/(-32). Let x be (-26)/(-4)*b - 1. Let t = 30 + x. What are the prime factors of t?
2
Let x = -11 - -15. Suppose 18 = -x*q + 3*t - 23, 4*t - 28 = 2*q. Let r(i) = -5*i - 12. List the prime factors of r(q).
2, 7
Let i(w) = 22*w**2 - 23*w - 104. What are the prime factors of i(-5)?
3, 11, 17
Let v = 782 - 467. List the prime factors of v.
3, 5, 7
Let o = 6 - -3. Let j(b) = -3*b + 8. Let y be j(2). Suppose 0 = -3*q + y*q + h + 15, q + h = o. List the prime factors of q.
2, 3
Let t(l) = 73*l**2 - 140*l - 2. What are the prime factors of t(4)?
2, 3, 101
Suppose 18 = 4*x - 42. Suppose 16*t - 57 = x*t. What are the prime factors of t?
3, 19
Let t(i) = 43*i**2 - 12*i - 26. What are the prime factors of t(-4)?
2, 5, 71
Suppose -5*s + 21 = 3*z, s + s + 4*z = 14. Suppose -s*d + 4*d - 3 = 0. List the prime factors of 1 + -1 - d - -33.
2, 3, 5
Let t be 4 + -4 + 5 + -1. Let k be (-2 - 3) + 2 - -6. Suppose 51 = 2*f - 3*x, -34 = -f + k*x - t. List the prime factors of f.
3, 7
Suppose -6*s + 19*s = 7345. List the prime factors of s.
5, 113
Suppose -r = -5*f - 4657, 0 = 47*r - 46*r + f - 4675. List the prime factors of r.
2, 73
Suppose -2*d + 30 = 5*i, d + i - 9 + 0 = 0. Suppose -131 = d*x + 849. What are the prime factors of (-1 - 0)/(4/x)?
7
Suppose 5*a = 0, -33*a + 37*a = -3*u + 2466. List the prime factors of u.
2, 3, 137
List the prime factors of (1 - 16/20) + (-3312)/(-40).
83
Suppose -5*m - 430 = -5*g, 3*g + 2*m - 195 = 63. Suppose -5*o = -3*f + g, -5*f + 16 + 86 = 2*o. What are the prime factors of f?
2, 11
Let q be 0 - ((274 + -1)/3 - -4). Let v = -71 - q. What are the prime factors of v?
2, 3
Suppose -t = -10*t + 2952. List the prime factors of t.
2, 41
Let n = 19 - 28. Let k = 6 - n. What are the prime factors of k?
3, 5
Let a be (-4)/(-10) - 2165/(-25). Suppose 0 = -6*c + 3*c - 5*n + 109, -5*n = -4*c + a. List the prime factors of c.
2, 7
Let p = 152 - 64. What are the prime factors of -2*(-1 - (-3)/6) + p?
89
Suppose 5*s - 40 = -3*u - 0*s, 2*s - 35 = -5*u. Suppose -4*f = 5*z - 357, -2*f = -u*f - 6. List the prime factors of z.
73
Suppose 2*s - s - 152 = 0. List the prime factors of s.
2, 19
Let h be 37 + (-1 - 0) + -2. Suppose d = 68 - h. List the prime factors of d.
2, 17
Let x(y) = 30*y**2 + 6*y - 3. Suppose 0*z = 6*z - 12. What are the prime factors of x(z)?
3, 43
Suppose 0 = -4*i - 12 + 44. Suppose -13*o + i*o = -1115. List the prime factors of o.
223
Let d(y) = -y**3 - 7*y**2 - 3*y + 13. Let l be d(-6). Let j be l/((-10)/66) + 2. Suppose j = m - 5*p, 3*m - 6*p + 2*p - 127 = 0. List the prime factors of m.
3, 5
Let l(u) = u**3 + 8*u**2 - 26*u + 17. List the prime factors of l(7).
2, 3, 5, 19
Suppose -5*l - 5*b + 0*b = -2545, -525 = -l - 5*b. List the prime factors of l.
5, 101
Let q be (-2)/(-10) + 8/10. Suppose 3*s = 32 + 64. Let k = s + q. List the prime factors of k.
3, 11
Let h be 4/(2 - 0) - -4. Suppose -5*s + h = -2*s. List the prime factors of s*(2 + (-2)/4).
3
Let q = -176 + 102. Let l = -27 - q. List the prime factors of l.
47
Let k(w) = w**3 + 9*w**2 + 22*w - 4. Let a be k(-9). What are the prime factors of 3/1*a/(-3)?
2, 101
Let q(l) = 0*l - l + 6*l**2 + 5*l**2 + l**2 - 4. List the prime factors of q(-2).
2, 23
Suppose 12*m + 2772 = 19*m. List the prime factors of m.
2, 3, 11
Let i be (-18)/81 + 695/9. Suppose -i = 5*h - 337. What are the prime factors of h?
2, 13
What are the prime factors of 2/(-15) - (6 - (-27968)/(-60))?
2, 5, 23
Suppose 27 = -6*x + 3*x. List the prime factors of (-3 - 348/x)*3 - -3.
2, 5, 11
Let o(r) = 1077*r**2 + 13*r + 14. List the prime factors of o(-1).
2, 7, 11
Suppose -k + 148 = -4*o, 462 = 5*k - o - 354. Suppose 3*n + k = 5*n. Suppose 5*m - 4*i = n, -2*m - 2*m = -i - 70. What are the prime factors of m?
2, 3
Suppose 459 = 3*q + t, -q + 3*q = t + 306. Let z = q - 50. List the prime factors of z.
103
Suppose 0 = b + o - 448, 2*o = 4*b - b - 1339. What are the prime factors of b?
3, 149
Suppose 2 + 0 = 2*r. Let p(w) = -10*w**3 - 2*w**2 + w. Let s be p(r). What are the prime factors of (-112)/s + 14/(-77)?
2, 5
Suppose 3*h - 18 = -3*d, 4*h - 4*d - 18 + 2 = 0. Suppose -5*x = 3*w - x + 6, h*w - 5*x = 25. Suppose 3*v + w*v = 170. List the prime factors of v.
2, 17
Suppose -l = 10 + 6. Let t = l - -21. Suppose j = t*j - 28. List the prime factors of j.
7
Let v(j) = j - 3. Let z be v(8). Suppose -3 - 17 = -z*p. Suppose 9 = p*d - 35. List the prime factors of d.
11
Suppose 0 = -3*a + 4*w + 20, -23 + 7 = -3*a + 5*w. Suppose a + 28 = -5*h. What are the prime factors of (-138)/4*h/6?
2, 23
Suppose 8*w - 300 = 3*w. Suppose -3*l + 30 = -w. Suppose 72 = 6*z - l. List the prime factors of z.
17
Suppose -337*z + 339*z + 4 = 0. Let a(i) = -4*i**2 + 3*i - 2. Let w(d) = -d**3 - 9*d**2 + 7*d - 5. Let s(b) = -5*a(b) + 2*w(b). List the prime factors of s(z).
2, 13
Suppose 5*n + 724 = d, 21*n - 17*n - 3765 = -5*d. What are the prime factors of d?
7, 107
Let v(t) = 1. Let g(r) = 5*r**2 + r - 2. Let d(m) = g(m) + 3*v(m). Let j be d(-1). Suppose c - 33 = j*x, -4*c + 136 + 84 = 2*x. What are the prime factors of c?
53
Let n(h) = h**2 + 4*h - 8. Let u be n(-6). Let o be (1 + 0 - u) + 28. Suppose -3*m + 41 = -o. List the prime factors of m.
2, 11
Let h = 20 - 14. Let a be h + -2 + 1 + 0. Let b = 28 + a. List the prime factors of b.
3, 11
Suppose 14*l - 2761 = 851. List the prime factors of l.
2, 3, 43
Let i be 10/(1/((-3)/(-6))). Suppose i*r - 2*r = -2*p - 3, -p + 4*r = 18. Let d = -3 - p. What are the prime factors of d?
3
Let i be 1 - (-7 - -3)/4. Suppose u - 3*a = 3, 4*u - 2*a = i*u + 6. Suppose 0 = 4*p + 2*t - 96, 0 = p - u*p - 2*t + 52. What are the prime factors of p?
2, 11
Suppose 0*n - 4*b - 972 = -4*n, 3*n - 5*b - 733 = 0. List the prime factors of n.
241
Suppose j = -2*v + 739 - 120, -4*j - 1256 = -4*v. What are the prime factors of v?
311
Let z be (-2)/(-5) + 96/10. Let c = 32 + -12. Suppose 3*p = z + c. List the prime factors of p.
2, 5
Let l(u) = u**3 + 6*u**2 - 